{"id":2974,"date":"2020-08-27T15:30:52","date_gmt":"2020-08-27T15:30:52","guid":{"rendered":"http:\/\/photo-design.studio\/?page_id=2974"},"modified":"2020-09-16T05:41:31","modified_gmt":"2020-09-16T05:41:31","slug":"impressum","status":"publish","type":"page","link":"https:\/\/photo-design.studio\/?page_id=2974","title":{"rendered":"Impressum"},"content":{"rendered":"\n<p><strong>Impressum<\/strong><\/p>\n\n\n\n<p><strong>Hauptsitz<\/strong><\/p>\n\n\n\n<p>Karin und Michael Lacher GesbR<\/p>\n\n\n\n<p>Brunnenstra\u00dfe 37\/2, 4873 Frankenburg a.H.<\/p>\n\n\n\n<p><strong>Mail<\/strong><\/p>\n\n\n\n<p>office(at)photo-design.studio<\/p>\n\n\n\n<p><strong>Telefon<\/strong><\/p>\n\n\n\n<p>0043 676 45 53 571<\/p>\n\n\n\n<ul class=\"wp-block-gallery columns-0 is-cropped wp-block-gallery-1 is-layout-flex wp-block-gallery-is-layout-flex\"><\/ul>\n\n\n\n<ul class=\"wp-block-gallery columns-3 wp-block-gallery-2 is-layout-flex wp-block-gallery-is-layout-flex\"><li class=\"blocks-gallery-item\"><figure><img loading=\"lazy\" decoding=\"async\" width=\"1024\" height=\"1024\" src=\"http:\/\/photo-design.studio\/wp-content\/uploads\/2020\/08\/AWA-2020-Winner-2-1024x1024.jpg\" alt=\"\" data-id=\"2979\" data-link=\"http:\/\/photo-design.studio\/?attachment_id=2979\" class=\"wp-image-2979\" srcset=\"https:\/\/photo-design.studio\/wp-content\/uploads\/2020\/08\/AWA-2020-Winner-2-1024x1024.jpg 1024w, https:\/\/photo-design.studio\/wp-content\/uploads\/2020\/08\/AWA-2020-Winner-2-150x150.jpg 150w, https:\/\/photo-design.studio\/wp-content\/uploads\/2020\/08\/AWA-2020-Winner-2-300x300.jpg 300w, https:\/\/photo-design.studio\/wp-content\/uploads\/2020\/08\/AWA-2020-Winner-2-768x768.jpg 768w, https:\/\/photo-design.studio\/wp-content\/uploads\/2020\/08\/AWA-2020-Winner-2-1140x1140.jpg 1140w, https:\/\/photo-design.studio\/wp-content\/uploads\/2020\/08\/AWA-2020-Winner-2-75x75.jpg 75w\" sizes=\"(max-width: 1024px) 100vw, 1024px\" \/><\/figure><\/li><li class=\"blocks-gallery-item\"><figure><img loading=\"lazy\" decoding=\"async\" width=\"1024\" height=\"724\" src=\"http:\/\/photo-design.studio\/wp-content\/uploads\/2020\/08\/Tips-Artikel-1024x724.jpg\" alt=\"\" data-id=\"2980\" data-link=\"http:\/\/photo-design.studio\/?attachment_id=2980\" class=\"wp-image-2980\" srcset=\"https:\/\/photo-design.studio\/wp-content\/uploads\/2020\/08\/Tips-Artikel-1024x724.jpg 1024w, https:\/\/photo-design.studio\/wp-content\/uploads\/2020\/08\/Tips-Artikel-300x212.jpg 300w, https:\/\/photo-design.studio\/wp-content\/uploads\/2020\/08\/Tips-Artikel-768x543.jpg 768w, https:\/\/photo-design.studio\/wp-content\/uploads\/2020\/08\/Tips-Artikel-1140x806.jpg 1140w\" sizes=\"(max-width: 1024px) 100vw, 1024px\" \/><\/figure><\/li><li class=\"blocks-gallery-item\"><figure><img loading=\"lazy\" decoding=\"async\" width=\"260\" height=\"194\" src=\"http:\/\/photo-design.studio\/wp-content\/uploads\/2020\/09\/Berufsfotografen-Logo.png\" alt=\"\" data-id=\"2994\" data-link=\"http:\/\/photo-design.studio\/?attachment_id=2994\" class=\"wp-image-2994\"\/><\/figure><\/li><\/ul>\n\n\n\n<p><\/p>\n\n\n\n<p>Erkl\u00e4rung zur Informationspflicht<\/p>\n\n\n\n<p><strong>Datenschutzerkl\u00e4rung<\/strong><\/p>\n\n\n\n<p>Der Schutz Ihrer pers\u00f6nlichen Daten ist uns ein besonderes Anliegen. Wir verarbeiten Ihre Daten daher ausschlie\u00dflich auf Grundlage der gesetzlichen Bestimmungen (DSGVO, TKG 2003). In diesen Datenschutzinformationen informieren wir Sie \u00fcber die wichtigsten Aspekte der Datenverarbeitung im Rahmen unserer Website.<\/p>\n\n\n\n<p><strong>Kontakt mit uns<\/strong><\/p>\n\n\n\n<p>Wenn Sie per Formular auf der Website oder per E-Mail Kontakt mit uns aufnehmen, werden Ihre angegebenen Daten zwecks Bearbeitung der Anfrage und f\u00fcr den Fall von Anschlussfragen sechs Monate bei uns gespeichert. Diese Daten geben wir nicht ohne Ihre Einwilligung weiter.<\/p>\n\n\n\n<p><strong>Cookies<\/strong><\/p>\n\n\n\n<p>Unsere Website verwendet so genannte Cookies. Dabei handelt es sich um kleine Textdateien, die mit Hilfe des Browsers auf Ihrem Endger\u00e4t abgelegt werden. Sie richten keinen Schaden an.&nbsp;<\/p>\n\n\n\n<p>Wir nutzen Cookies dazu, unser Angebot nutzerfreundlich zu gestalten. Einige Cookies bleiben auf Ihrem Endger\u00e4t gespeichert, bis Sie diese l\u00f6schen. Sie erm\u00f6glichen es uns, Ihren Browser beim n\u00e4chsten Besuch wiederzuerkennen.<br><\/p>\n\n\n\n<p>Bei der Deaktivierung von Cookies kann die Funktionalit\u00e4t unserer Website eingeschr\u00e4nkt sein.<br><\/p>\n\n\n\n<p>Die Datenverarbeitung erfolgt auf Basis der gesetzlichen Bestimmungen des \u00a7 96 Abs 3 TKG sowie des Art 6 Abs 1 lit a (Einwilligung) und\/oder f (berechtigtes Interesse) der DSGVO.&nbsp;<br><\/p>\n\n\n\n<p><strong>Ihre Rechte<\/strong><\/p>\n\n\n\n<p>Ihnen stehen bez\u00fcglich Ihrer bei uns gespeicherten Daten grunds\u00e4tzlich die Rechte auf&nbsp;Auskunft, Berichtigung, L\u00f6schung, Einschr\u00e4nkung, Daten\u00fcbertragbarkeit, Widerruf und Widerspruch zu. Wenn Sie glauben, dass die Verarbeitung Ihrer Daten gegen das Datenschutzrecht verst\u00f6\u00dft oder Ihre datenschutzrechtlichen Anspr\u00fcche sonst in einer Weise verletzt worden sind, k\u00f6nnen Sie sich bei uns&nbsp;<em>[office(at)photo-design.studio]<\/em>&nbsp;oder der Datenschutzbeh\u00f6rde beschweren.<\/p>\n\n\n\n<p><strong>Sie erreichen uns unter folgenden Kontaktdaten<\/strong>:<\/p>\n\n\n\n<p>photoDESIGN by Karin und Michael Lacher GesbR, Brunnenstra\u00dfe 37\/2, 4873 Frankenburg, Austria, 0676 45 53 571, office(at)photo-design.studio<\/p>\n\n\n\n<p><br><br><\/p>\n","protected":false},"excerpt":{"rendered":"<p>Impressum Hauptsitz Karin und Michael Lacher GesbR Brunnenstra\u00dfe 37\/2, 4873 Frankenburg a.H. Mail office(at)photo-design.studio Telefon 0043 676 45 53 571 Erkl\u00e4rung zur Informationspflicht Datenschutzerkl\u00e4rung Der Schutz Ihrer pers\u00f6nlichen Daten ist uns ein besonderes Anliegen. Wir verarbeiten Ihre Daten daher ausschlie\u00dflich auf Grundlage der gesetzlichen Bestimmungen (DSGVO, TKG 2003). In diesen Datenschutzinformationen informieren wir Sie \u00fcber die wichtigsten Aspekte der Datenverarbeitung im Rahmen unserer Website. Kontakt mit uns Wenn Sie per Formular auf der Website oder per E-Mail Kontakt mit uns aufnehmen, werden Ihre angegebenen Daten zwecks Bearbeitung der Anfrage und f\u00fcr den Fall von Anschlussfragen sechs Monate bei uns gespeichert. Diese Daten geben wir nicht ohne Ihre Einwilligung weiter. Cookies Unsere Website verwendet so genannte Cookies. Dabei handelt es sich um kleine Textdateien, die mit Hilfe des Browsers auf Ihrem Endger\u00e4t abgelegt werden. Sie richten keinen Schaden an.&nbsp; Wir nutzen Cookies dazu, unser Angebot nutzerfreundlich zu gestalten. Einige Cookies bleiben auf Ihrem Endger\u00e4t gespeichert, bis Sie diese l\u00f6schen. Sie erm\u00f6glichen es uns, Ihren Browser beim n\u00e4chsten Besuch wiederzuerkennen. Bei der Deaktivierung von Cookies kann die Funktionalit\u00e4t unserer Website eingeschr\u00e4nkt sein. Die Datenverarbeitung erfolgt auf Basis der gesetzlichen Bestimmungen des \u00a7 96 Abs 3 TKG sowie des Art 6 Abs 1 lit a (Einwilligung) und\/oder f (berechtigtes Interesse) der DSGVO.&nbsp; Ihre Rechte Ihnen stehen bez\u00fcglich Ihrer bei uns gespeicherten Daten grunds\u00e4tzlich die Rechte auf&nbsp;Auskunft, Berichtigung, L\u00f6schung, Einschr\u00e4nkung, Daten\u00fcbertragbarkeit, Widerruf und Widerspruch zu. Wenn Sie glauben, dass die Verarbeitung Ihrer Daten gegen das Datenschutzrecht verst\u00f6\u00dft oder Ihre datenschutzrechtlichen Anspr\u00fcche sonst in einer Weise verletzt worden sind, k\u00f6nnen Sie sich bei uns&nbsp;[office(at)photo-design.studio]&nbsp;oder der Datenschutzbeh\u00f6rde beschweren. Sie erreichen uns unter folgenden Kontaktdaten: photoDESIGN by Karin und Michael Lacher GesbR, Brunnenstra\u00dfe 37\/2, 4873 Frankenburg, Austria, 0676 45 53 571, office(at)photo-design.studio<\/p>\n","protected":false},"author":1,"featured_media":0,"parent":0,"menu_order":0,"comment_status":"closed","ping_status":"closed","template":"","meta":{"footnotes":""},"_links":{"self":[{"href":"https:\/\/photo-design.studio\/index.php?rest_route=\/wp\/v2\/pages\/2974"}],"collection":[{"href":"https:\/\/photo-design.studio\/index.php?rest_route=\/wp\/v2\/pages"}],"about":[{"href":"https:\/\/photo-design.studio\/index.php?rest_route=\/wp\/v2\/types\/page"}],"author":[{"embeddable":true,"href":"https:\/\/photo-design.studio\/index.php?rest_route=\/wp\/v2\/users\/1"}],"replies":[{"embeddable":true,"href":"https:\/\/photo-design.studio\/index.php?rest_route=%2Fwp%2Fv2%2Fcomments&post=2974"}],"version-history":[{"count":9,"href":"https:\/\/photo-design.studio\/index.php?rest_route=\/wp\/v2\/pages\/2974\/revisions"}],"predecessor-version":[{"id":2996,"href":"https:\/\/photo-design.studio\/index.php?rest_route=\/wp\/v2\/pages\/2974\/revisions\/2996"}],"wp:attachment":[{"href":"https:\/\/photo-design.studio\/index.php?rest_route=%2Fwp%2Fv2%2Fmedia&parent=2974"}],"curies":[{"name":"wp","href":"https:\/\/api.w.org\/{rel}","templated":true}]}}

<p><strong>Impressum</strong></p>



<p><strong>Hauptsitz</strong></p>



<p>Karin und Michael Lacher GesbR</p>



<p>Brunnenstraße 37/2, 4873 Frankenburg a.H.</p>



<p><strong>Mail</strong></p>



<p>office(at)photo-design.studio</p>



<p><strong>Telefon</strong></p>



<p>0043 676 45 53 571</p>



<ul class="wp-block-gallery columns-0 is-cropped wp-block-gallery-1 is-layout-flex wp-block-gallery-is-layout-flex"></ul>



<ul class="wp-block-gallery columns-3 wp-block-gallery-2 is-layout-flex wp-block-gallery-is-layout-flex"><li class="blocks-gallery-item"><figure><img loading="lazy" decoding="async" width="1024" height="1024" src="http://photo-design.studio/wp-content/uploads/2020/08/AWA-2020-Winner-2-1024x1024.jpg" alt="" data-id="2979" data-link="http://photo-design.studio/?attachment_id=2979" class="wp-image-2979" srcset="https://photo-design.studio/wp-content/uploads/2020/08/AWA-2020-Winner-2-1024x1024.jpg 1024w, https://photo-design.studio/wp-content/uploads/2020/08/AWA-2020-Winner-2-150x150.jpg 150w, https://photo-design.studio/wp-content/uploads/2020/08/AWA-2020-Winner-2-300x300.jpg 300w, https://photo-design.studio/wp-content/uploads/2020/08/AWA-2020-Winner-2-768x768.jpg 768w, https://photo-design.studio/wp-content/uploads/2020/08/AWA-2020-Winner-2-1140x1140.jpg 1140w, https://photo-design.studio/wp-content/uploads/2020/08/AWA-2020-Winner-2-75x75.jpg 75w" sizes="(max-width: 1024px) 100vw, 1024px" /></figure></li><li class="blocks-gallery-item"><figure><img loading="lazy" decoding="async" width="1024" height="724" src="http://photo-design.studio/wp-content/uploads/2020/08/Tips-Artikel-1024x724.jpg" alt="" data-id="2980" data-link="http://photo-design.studio/?attachment_id=2980" class="wp-image-2980" srcset="https://photo-design.studio/wp-content/uploads/2020/08/Tips-Artikel-1024x724.jpg 1024w, https://photo-design.studio/wp-content/uploads/2020/08/Tips-Artikel-300x212.jpg 300w, https://photo-design.studio/wp-content/uploads/2020/08/Tips-Artikel-768x543.jpg 768w, https://photo-design.studio/wp-content/uploads/2020/08/Tips-Artikel-1140x806.jpg 1140w" sizes="(max-width: 1024px) 100vw, 1024px" /></figure></li><li class="blocks-gallery-item"><figure><img loading="lazy" decoding="async" width="260" height="194" src="http://photo-design.studio/wp-content/uploads/2020/09/Berufsfotografen-Logo.png" alt="" data-id="2994" data-link="http://photo-design.studio/?attachment_id=2994" class="wp-image-2994"/></figure></li></ul>



<p></p>



<p>Erklärung zur Informationspflicht</p>



<p><strong>Datenschutzerklärung</strong></p>



<p>Der Schutz Ihrer persönlichen Daten ist uns ein besonderes Anliegen. Wir verarbeiten Ihre Daten daher ausschließlich auf Grundlage der gesetzlichen Bestimmungen (DSGVO, TKG 2003). In diesen Datenschutzinformationen informieren wir Sie über die wichtigsten Aspekte der Datenverarbeitung im Rahmen unserer Website.</p>



<p><strong>Kontakt mit uns</strong></p>



<p>Wenn Sie per Formular auf der Website oder per E-Mail Kontakt mit uns aufnehmen, werden Ihre angegebenen Daten zwecks Bearbeitung der Anfrage und für den Fall von Anschlussfragen sechs Monate bei uns gespeichert. Diese Daten geben wir nicht ohne Ihre Einwilligung weiter.</p>



<p><strong>Cookies</strong></p>



<p>Unsere Website verwendet so genannte Cookies. Dabei handelt es sich um kleine Textdateien, die mit Hilfe des Browsers auf Ihrem Endgerät abgelegt werden. Sie richten keinen Schaden an.&nbsp;</p>



<p>Wir nutzen Cookies dazu, unser Angebot nutzerfreundlich zu gestalten. Einige Cookies bleiben auf Ihrem Endgerät gespeichert, bis Sie diese löschen. Sie ermöglichen es uns, Ihren Browser beim nächsten Besuch wiederzuerkennen.<br></p>



<p>Bei der Deaktivierung von Cookies kann die Funktionalität unserer Website eingeschränkt sein.<br></p>



<p>Die Datenverarbeitung erfolgt auf Basis der gesetzlichen Bestimmungen des § 96 Abs 3 TKG sowie des Art 6 Abs 1 lit a (Einwilligung) und/oder f (berechtigtes Interesse) der DSGVO.&nbsp;<br></p>



<p><strong>Ihre Rechte</strong></p>



<p>Ihnen stehen bezüglich Ihrer bei uns gespeicherten Daten grundsätzlich die Rechte auf&nbsp;Auskunft, Berichtigung, Löschung, Einschränkung, Datenübertragbarkeit, Widerruf und Widerspruch zu. Wenn Sie glauben, dass die Verarbeitung Ihrer Daten gegen das Datenschutzrecht verstößt oder Ihre datenschutzrechtlichen Ansprüche sonst in einer Weise verletzt worden sind, können Sie sich bei uns&nbsp;<em>[office(at)photo-design.studio]</em>&nbsp;oder der Datenschutzbehörde beschweren.</p>



<p><strong>Sie erreichen uns unter folgenden Kontaktdaten</strong>:</p>



<p>photoDESIGN by Karin und Michael Lacher GesbR, Brunnenstraße 37/2, 4873 Frankenburg, Austria, 0676 45 53 571, office(at)photo-design.studio</p>



<p><br><br></p>

<p>Impressum Hauptsitz Karin und Michael Lacher GesbR Brunnenstraße 37/2, 4873 Frankenburg a.H. Mail office(at)photo-design.studio Telefon 0043 676 45 53 571 Erklärung zur Informationspflicht Datenschutzerklärung Der Schutz Ihrer persönlichen Daten ist uns ein besonderes Anliegen. Wir verarbeiten Ihre Daten daher ausschließlich auf Grundlage der gesetzlichen Bestimmungen (DSGVO, TKG 2003). In diesen Datenschutzinformationen informieren wir Sie über die wichtigsten Aspekte der Datenverarbeitung im Rahmen unserer Website. Kontakt mit uns Wenn Sie per Formular auf der Website oder per E-Mail Kontakt mit uns aufnehmen, werden Ihre angegebenen Daten zwecks Bearbeitung der Anfrage und für den Fall von Anschlussfragen sechs Monate bei uns gespeichert. Diese Daten geben wir nicht ohne Ihre Einwilligung weiter. Cookies Unsere Website verwendet so genannte Cookies. Dabei handelt es sich um kleine Textdateien, die mit Hilfe des Browsers auf Ihrem Endgerät abgelegt werden. Sie richten keinen Schaden an.&nbsp; Wir nutzen Cookies dazu, unser Angebot nutzerfreundlich zu gestalten. Einige Cookies bleiben auf Ihrem Endgerät gespeichert, bis Sie diese löschen. Sie ermöglichen es uns, Ihren Browser beim nächsten Besuch wiederzuerkennen. Bei der Deaktivierung von Cookies kann die Funktionalität unserer Website eingeschränkt sein. Die Datenverarbeitung erfolgt auf Basis der gesetzlichen Bestimmungen des § 96 Abs 3 TKG sowie des Art 6 Abs 1 lit a (Einwilligung) und/oder f (berechtigtes Interesse) der DSGVO.&nbsp; Ihre Rechte Ihnen stehen bezüglich Ihrer bei uns gespeicherten Daten grundsätzlich die Rechte auf&nbsp;Auskunft, Berichtigung, Löschung, Einschränkung, Datenübertragbarkeit, Widerruf und Widerspruch zu. Wenn Sie glauben, dass die Verarbeitung Ihrer Daten gegen das Datenschutzrecht verstößt oder Ihre datenschutzrechtlichen Ansprüche sonst in einer Weise verletzt worden sind, können Sie sich bei uns&nbsp;[office(at)photo-design.studio]&nbsp;oder der Datenschutzbehörde beschweren. Sie erreichen uns unter folgenden Kontaktdaten: photoDESIGN by Karin und Michael Lacher GesbR, Brunnenstraße 37/2, 4873 Frankenburg, Austria, 0676 45 53 571, office(at)photo-design.studio</p>
