{"id":149,"date":"2019-01-14T20:36:35","date_gmt":"2019-01-14T20:36:35","guid":{"rendered":"http:\/\/photo-design.studio\/?page_id=149"},"modified":"2024-10-18T19:02:46","modified_gmt":"2024-10-18T19:02:46","slug":"kontakt","status":"publish","type":"page","link":"https:\/\/photo-design.studio\/?page_id=149","title":{"rendered":"Kontakt"},"content":{"rendered":"\n<p><strong>photoDESIGN Karin und Michael Lacher GesbR<\/strong><\/p>\n\n\n\n<p>&#8230;<\/p>\n\n\n\n<p>Fotostudio in 4873 Frankenburg am Hausruck, O\u00d6 (Bez. V\u00f6cklabruck)<br><\/p>\n\n\n\n<ul>\n<li>office(at)photo-design.studio<\/li>\n\n\n\n<li>Tel. 0676 45 53 571<\/li>\n\n\n\n<li><strong>www.photo-design.studio<\/strong><\/li>\n<\/ul>\n\n\n\n<p>Wir sind Karin und Michael Lacher (Ehepaar). Unterst\u00fctzung werden wir von Fotografin Loretta Eitzinger.<\/p>\n\n\n\n<p><strong>Karin ist Berufsfotografen seit 2015<\/strong><\/p>\n\n\n\n<ul>\n<li>2020 <strong>AUSTRIAN Wedding Award &nbsp;&#8211;&nbsp;1.&nbsp;Platz <\/strong>in der Kategorie: Brautportrait <strong>+&nbsp;2.&nbsp;Platz&nbsp;<\/strong>in&nbsp;der&nbsp;Kategorie&nbsp;Hochzeitsreportage<\/li>\n\n\n\n<li>2021 <strong>WOW Award &#8211; Finalistin <\/strong>in der Kategorie <strong>&#8218;After Wedding Shooting&#8216; und &#8218;Styled Shooting&#8216;<\/strong><\/li>\n<\/ul>\n\n\n\n<p>Gerne fotografieren wir dich und deine Familie, dein Business\/Produkte, Newborn\/Babys, eure Hochzeit, dich und deine Freunde\/innen,Dessous, P\u00e4rchen, Babybauch, junge Fotomodels und vieles mehr \u2026<\/p>\n\n\n\n<p><strong>Wir fotografieren an 2 Standorten: <\/strong><\/p>\n\n\n\n<ul>\n<li><strong>4873 Frankenburg am Hausruck<\/strong><\/li>\n\n\n\n<li><strong>4863 Seewalchen am Attersee (Bandlkramerey)<\/strong><\/li>\n<\/ul>\n\n\n\n<p>Melde dich einfach bei uns \u2013  wir schicken dir n\u00e4here Infos zu.<\/p>\n\n\n\n<p>Wir freuen uns sehr auf dich\/euch! Karin, Michael und Loretta \u2013&nbsp;<strong>office(at)photo-design.studio<\/strong><\/p>\n\n\n\n<p><br><\/p>\n\n\n\n<p><\/p>\n\n\n\n<p><\/p>\n","protected":false},"excerpt":{"rendered":"<p>photoDESIGN Karin und Michael Lacher GesbR &#8230; Fotostudio in 4873 Frankenburg am Hausruck, O\u00d6 (Bez. V\u00f6cklabruck) Wir sind Karin und Michael Lacher (Ehepaar). Unterst\u00fctzung werden wir von Fotografin Loretta Eitzinger. Karin ist Berufsfotografen seit 2015 Gerne fotografieren wir dich und deine Familie, dein Business\/Produkte, Newborn\/Babys, eure Hochzeit, dich und deine Freunde\/innen,Dessous, P\u00e4rchen, Babybauch, junge Fotomodels und vieles mehr \u2026 Wir fotografieren an 2 Standorten: Melde dich einfach bei uns \u2013 wir schicken dir n\u00e4here Infos zu. Wir freuen uns sehr auf dich\/euch! Karin, Michael und Loretta \u2013&nbsp;office(at)photo-design.studio<\/p>\n","protected":false},"author":1,"featured_media":0,"parent":0,"menu_order":0,"comment_status":"closed","ping_status":"closed","template":"","meta":{"footnotes":""},"_links":{"self":[{"href":"https:\/\/photo-design.studio\/index.php?rest_route=\/wp\/v2\/pages\/149"}],"collection":[{"href":"https:\/\/photo-design.studio\/index.php?rest_route=\/wp\/v2\/pages"}],"about":[{"href":"https:\/\/photo-design.studio\/index.php?rest_route=\/wp\/v2\/types\/page"}],"author":[{"embeddable":true,"href":"https:\/\/photo-design.studio\/index.php?rest_route=\/wp\/v2\/users\/1"}],"replies":[{"embeddable":true,"href":"https:\/\/photo-design.studio\/index.php?rest_route=%2Fwp%2Fv2%2Fcomments&post=149"}],"version-history":[{"count":46,"href":"https:\/\/photo-design.studio\/index.php?rest_route=\/wp\/v2\/pages\/149\/revisions"}],"predecessor-version":[{"id":6326,"href":"https:\/\/photo-design.studio\/index.php?rest_route=\/wp\/v2\/pages\/149\/revisions\/6326"}],"wp:attachment":[{"href":"https:\/\/photo-design.studio\/index.php?rest_route=%2Fwp%2Fv2%2Fmedia&parent=149"}],"curies":[{"name":"wp","href":"https:\/\/api.w.org\/{rel}","templated":true}]}}